2
What is the hundreds digit of 3383?
3
What is the tens digit of 569?
6
What is the thousands digit of 2513?
2
What is the tens digit of 20651?
5
What is the thousands digit of 1680?
1
What is the tens digit of 2067?
6
What is the tens digit of 48017?
1
What is the tens digit of 28530?
3
What is the tens digit of 17203?
0
What is the hundreds digit of 10994?
9
What is the ten thousands digit of 15345?
1
What is the ten thousands digit of 14465?
1
What is the units digit of 151753?
3
What is the thousands digit of 4536?
4
What is the tens digit of 38886?
8
What is the thousands digit of 15489?
5
What is the tens digit of 2908?
0
What is the hundred thousands digit of 138581?
1
What is the units digit of 403?
3
What is the units digit of 59084?
4
What is the hundred thousands digit of 163588?
1
What is the thousands digit of 1462?
1
What is the thousands digit of 32831?
2
What is the ten thousands digit of 16213?
1
What is the units digit of 127511?
1
What is the units digit of 834?
4
What is the units digit of 2477?
7
What is the ten thousands digit of 23881?
2
What is the hundreds digit of 633?
6
What is the tens digit of 9061?
6
What is the tens digit of 141?
4
What is the hundreds digit of 980?
9
What is the thousands digit of 117914?
7
What is the tens digit of 315?
1
What is the thousands digit of 75323?
5
What is the tens digit of 510?
1
What is the hundreds digit of 46832?
8
What is the tens digit of 3160?
6
What is the tens digit of 2903?
0
What is the units digit of 34916?
6
What is the tens digit of 7343?
4
What is the hundreds digit of 5704?
7
What is the hundreds digit of 22552?
5
What is the units digit of 437?
7
What is the hundreds digit of 103?
1
What is the thousands digit of 1496?
1
What is the tens digit of 9584?
8
What is the hundreds digit of 4025?
0
What is the units digit of 988?
8
What is the hundreds digit of 673?
6
What is the units digit of 79804?
4
What is the units digit of 412?
2
What is the hundreds digit of 1341?
3
What is the tens digit of 4622?
2
What is the hundreds digit of 42695?
6
What is the thousands digit of 63295?
3
What is the tens digit of 583?
8
What is the ten thousands digit of 81286?
8
What is the hundreds digit of 3176?
1
What is the hundreds digit of 131222?
2
What is the tens digit of 684?
8
What is the hundreds digit of 785?
7
What is the units digit of 2442?
2
What is the tens digit of 9960?
6
What is the hundreds digit of 12469?
4
What is the units digit of 109?
9
What is the thousands digit of 4499?
4
What is the tens digit of 3945?
4
What is the units digit of 9815?
5
What is the tens digit of 93?
9
What is the tens digit of 1080?
8
What is the hundreds digit of 3899?
8
What is the thousands digit of 14417?
4
What is the hundreds digit of 19142?
1
What is the tens digit of 187?
8
What is the tens digit of 1536?
3
What is the hundreds digit of 34375?
3
What is the tens digit of 719?
1
What is the hundreds digit of 6777?
7
What is the tens digit of 466?
6
What is the thousands digit of 36085?
6
What is the tens digit of 157513?
1
What is the units digit of 19671?
1
What is the units digit of 81104?
4
What is the ten thousands digit of 79337?
7
What is the units digit of 15189?
9
What is the tens digit of 7716?
1
What is the tens digit of 154?
5
What is the tens digit of 39836?
3
What is the tens digit of 774?
7
What is the thousands digit of 9968?
9
What is the tens digit of 200?
0
What is the thousands digit of 16491?
6
What is the ten thousands digit of 21824?
2
What is the tens digit of 49165?
6
What is the units digit of 2387?
7
What is the hundreds digit of 121?
1
What is the tens digit of 757?
5
What is the hundreds digit of 528?
5
What is the hundreds digit of 3838?
8
What is the hundreds digit of 711?
7
What is the hundreds digit of 1757?
7
What is the units digit of 189?
9
What is the tens digit of 71952?
5
What is the hundreds digit of 3227?
2
What is the hundreds digit of 51678?
6
What is the units digit of 33113?
3
What is the tens digit of 1329?
2
What is the units digit of 38491?
1
What is the tens digit of 73698?
9
What is the hundreds digit of 25757?
7
What is the hundreds digit of 18742?
7
What is the tens digit of 3158?
5
What is the units digit of 240?
0
What is the tens digit of 7944?
4
What is the units digit of 755?
5
What is the units digit of 8337?
7
What is the thousands digit of 2689?
2
What is the hundreds digit of 10560?
5
What is the ten thousands digit of 55789?
5
What is the units digit of 2835?
5
What is the units digit of 983?
3
What is the hundreds digit of 9717?
7
What is the tens digit of 2755?
5
What is the hundreds digit of 2363?
3
What is the thousands digit of 49055?
9
What is the units digit of 8089?
9
What is the tens digit of 12649?
4
What is the hundreds digit of 7360?
3
What is the ten thousands digit of 10303?
1
What is the hundreds digit of 3217?
2
What is the ten thousands digit of 27353?
2
What is the units digit of 10214?
4
What is the hundreds digit of 31687?
6
What is the thousands digit of 23010?
3
What is the thousands digit of 11196?
1
What is the hundreds digit of 1659?
6
What is the units digit of 174?
4
What is the tens digit of 530?
3
What is the ten thousands digit of 19302?
1
What is the thousands digit of 2680?
2
What is the tens digit of 579?
7
What is the hundreds digit of 23767?
7
What is the tens digit of 1310?
1
What is the tens digit of 3869?
6
What is the tens digit of 741?
4
What is the thousands digit of 6880?
6
What is the thousands digit of 6963?
6
What is the thousands digit of 3711?
3
What is the hundreds digit of 8233?
2
What is the hundreds digit of 13973?
9
What is the hundreds digit of 956?
9
What is the tens digit of 6218?
1
What is the units digit of 42842?
2
What is the units digit of 5396?
6
What is the units digit of 1671?
1
What is the tens digit of 1357?
5
What is the thousands digit of 32557?
2
What is the tens digit of 12830?
3
What is the tens digit of 22503?
0
What is the units digit of 3928?
8
What is the units digit of 6875?
5
What is the thousands digit of 4195?
4
What is the hundreds digit of 472?
4
What is the units digit of 7390?
0
What is the tens digit of 2115?
1
What is the hundreds digit of 1902?
9
What is the thousands digit of 59852?
9
What is the tens digit of 9799?
9
What is the tens digit of 9816?
1
What is the hundreds digit of 12386?
3
What is the hundreds digit of 980?
9
What is the tens digit of 12388?
8
What is the units digit of 77020?
0
What is the thousands digit of 18052?
8
What is the units digit of 123747?
7
What is the tens digit of 10375?
7
What is the units digit of 18370?
0
What is the units digit of 1730?
0
What is the hundreds digit of 1274?
2
What is the units digit of 4484?
4
What is the tens digit of 40105?
0
What is the units digit of 35507?
7
What is the hundred thousands digit of 157817?
1
What is the hundreds digit of 6706?
7
What is the hundreds digit of 2364?
3
What is the hundreds digit of 4638?
6
What is the tens digit of 223?
2
What is the units digit of 148402?
2
What is the tens digit of 477?
7
What is the ten thousands digit of 16445?
1
What is the ten thousands digit of 99084?
9
What is the hundreds digit of 12544?
5
What is the hundreds digit of 3083?
0
What is the units digit of 8214?
4
What is the tens digit of 35407?
0
What is the units digit of 25046?
6
What is the thousands digit of 11793?
1
What is the units digit of 757?
7
What is the hundreds digit of 3472?
4
What is the thousands digit of 1674?
1
What is the hundreds digit of 960?
9
What is the hundreds digit of 3277?
2
What is the ten thousands digit of 73552?
7
What is the hundreds digit of 2581?
5
What is the hundred thousands digit of 115707?
1
What is the hundreds digit of 28837?
8
What is the tens digit of 4133?
3
What is the hundred thousands digit of 118388?
1
What is the tens digit of 759?
5
What is the tens digit of 2339?
3
What is the units digit of 32417?
7
What is the tens digit of 52?
5
What is the thousands digit of 43314?
3
What is the tens digit of 3196?
9
What is the tens digit of 3096?
9
What is the tens digit of 157230?
3
What is the units digit of 1067?
7
What is the ten thousands digit of 35134?
3
What is the hundreds digit of 2611?
6
What is the hundreds digit of 1534